= 0, 0 = 3*h + 2*h + 25. Let m = n - -61. Calculate the remainder when 155 is divided by m.
25
Suppose -23*i - 1512 + 3766 = 0. Calculate the remainder when i is divided by 48.
2
Let p(z) be the first derivative of -21*z**2/2 - 29*z - 38. Calculate the remainder when 274 is divided by p(-4).
54
Let m(j) = 43*j**2 - 359*j + 31. Calculate the remainder when m(9) is divided by 118.
47
Let b(t) = 121*t - 1635. What is the remainder when 84 is divided by b(14)?
25
Suppose 9*l - 4*l = 20, -2*u + 2*l = 8. Suppose -4*a = u, 2*v + 2*a - 10 = a. Suppose -208 = v*g - 13*g. Calculate the remainder when 74 is divided by g.
22
Suppose 25*p + 40 = 30*p. Let o = 76 + -69. What is the remainder when p is divided by o?
1
Let f be 1/((-3)/(-14217)*7). Suppose -8*z + 3005 - f = 0. What is the remainder when z is divided by 73?
72
Calculate the remainder when ((-9)/6)/(((-42)/(-296))/(-7)) is divided by (-1 - 7)/((-2)/5).
14
Let a = -4927 - -6111. What is the remainder when a is divided by 54?
50
Let g(p) = 40*p - 683. What is the remainder when 84 is divided by g(18)?
10
Suppose n + 11 = 2*h, 2*n - 4*n = -2*h + 10. Let r = 77 + -8. What is the remainder when r is divided by (-2 + 99/27)*h?
9
Let h(j) = -33*j - 1. Suppose 106*o - 44*o = 407 + 275. What is the remainder when h(-1) is divided by o?
10
Let v(n) = -13*n + 31. Let b be v(7). Let w = b + 220. Suppose -a + 3 = -5*z, -6*a + 10*a + 4*z = 84. What is the remainder when w is divided by a?
16
Let n = 297 + -94. What is the remainder when n is divided by 38?
13
Let c = -28473 + 28481. Calculate the remainder when 143 is divided by c.
7
Suppose 11*g = -0 - 28 + 226. Calculate the remainder when 127 is divided by g.
1
Let y(f) be the third derivative of -9*f**2 - 5/6*f**3 - 7/12*f**4 + 0*f - 1/30*f**5 + 0. Calculate the remainder when y(-6) is divided by 4.
3
Suppose -39*i = -28*i - 275. Calculate the remainder when i is divided by 20.
5
Let o = -183 - -287. Let d be (-16)/o - (-119)/13. Calculate the remainder when 55 is divided by (-15 - -1)*-3*3/d.
13
Let x(l) = -l**2 - 125*l - 3318. Calculate the remainder when 1622 is divided by x(-84).
110
Let v be ((-33)/44)/(((-1)/1)/4). Suppose -3*r - 5*w + 19 = 0, 4*r = -v*w + 33 - 4. Suppose m - 11 - 11 = 0. Calculate the remainder when m is divided by r.
6
Let y(n) = 733*n - 6533. What is the remainder when 3724 is divided by y(9)?
12
Let r = -217 - -187. Calculate the remainder when 650/r*12/(-5) is divided by 14.
10
Suppose w - t = -2*w + 106, 110 = 3*w - 2*t. Let m(q) = -3*q**2 - 79*q - 1. Calculate the remainder when m(-24) is divided by w.
31
Suppose -2*u = 2*u - 68. Suppose -57*v = -54*v + 2574. Calculate the remainder when u is divided by v/(-104) - (-6)/8.
8
Let a = 7547 - 7309. Calculate the remainder when 497 is divided by a.
21
Suppose 35 - 83 = -3*a. Let i be (-2*(4 - 3))/1. Let g(c) = 17*c**2 + 4*c + 3. What is the remainder when g(i) is divided by a?
15
Suppose 4*p + 4*c = 24, 4*p + 2*c - 14 = -0*p. Let o = 15 - 10. Calculate the remainder when p is divided by 0/1 + 6 - o.
0
Let w(v) = v**2 + 2*v. Let g be w(1). Calculate the remainder when 14 is divided by (-18)/(-54) - (-32)/g.
3
Let s(k) = -k**3 - k**2 + 311. Let p = -600564 + 600579. What is the remainder when s(0) is divided by p?
11
Suppose 2*v = 3*z - 595, -8*z - 4*v = -3*z - 999. Let f = 214 - z. Calculate the remainder when 24 is divided by f.
9
Let f(h) = 1393*h - 14892. Calculate the remainder when 436 is divided by f(11).
5
Suppose 0 = -4*b - 4*m + 328, 25*b = 29*b + 5*m - 326. Calculate the remainder when 1266 is divided by b.
6
Let d = -2 - -4. Suppose -2*q - 61 - 23 = -2*n, -d*q - 222 = -5*n. Let f(i) = 2879*i + 103656. What is the remainder when n is divided by f(-36)?
10
What is the remainder when ((202/(-14))/1)/((-354)/2478) is divided by 1/(-3)*-3 + 20?
17
Let l = 1802 - 1485. What is the remainder when l is divided by 14?
9
Calculate the remainder when 1655 is divided by 23*(3 - (-1)/(-1)).
45
Suppose 2*s + q + 5 = -2*s, -8 = s - 2*q. Calculate the remainder when 35 is divided by (-13)/((1/s)/(15/30)).
9
Suppose -4*w + 52 = 3*y - 60, 3*w = 5*y - 206. What is the remainder when (-1789)/(-5) + 4/20 is divided by y?
38
Suppose -5*m + 308 + 97 = 0. Suppose -10*c = -c - m. Suppose -c*b = b - 210. What is the remainder when 51 is divided by b?
9
Suppose 14*r = -w + 13*r + 4626, 23126 = 5*w + 4*r. Calculate the remainder when w is divided by 25.
22
Suppose -6*x + 2*x = -312. Suppose 6*v - 66 - x = 0. Calculate the remainder when 47 is divided by v.
23
Let v(o) = 8 - 4 + 4*o + 10*o - 10*o. Let s be v(-1). Suppose -3*r - 98 = -5*g, s*g + 74 = 3*g + 2*r. What is the remainder when g is divided by 6?
4
Suppose 3*v = x + 9, -5*x + 25 = 3*v - 2. Suppose -156 = -x*i + 6*h - 10*h, -12 = -4*h. Calculate the remainder when 238 is divided by i.
46
Let y(n) = 16*n + 5. Let s(o) = o**3 + 26*o**2 - 6*o + 57. Let m be s(-26). Let c = -189 + m. What is the remainder when y(4) is divided by c?
21
Let i = -5 + 30. Calculate the remainder when 236/6 + (-1056)/(-396) is divided by i.
17
Let t(d) = 20*d**2 - 12*d + 29. Let m be t(2). Let z = -79 + m. Suppose 4*u = -5*y + 13 + 88, 0 = -3*y - 5*u + 58. What is the remainder when y is divided by z?
3
Suppose r = -5*x + 123, -5*r - 8*x + 659 = -5*x. Calculate the remainder when 455 is divided by r.
56
Suppose -t = -29*t + 3332. Suppose -71*a = -70*a - 24. What is the remainder when t is divided by a?
23
Let a = 84 + -1551. Let w be a/(-5) + 1 + (-50)/125. Suppose 4*n + d + 0*d = 295, 0 = 4*n + 2*d - w. What is the remainder when n is divided by 19?
17
Let b = 114 - 102. What is the remainder when 698/2 - 4/1 is divided by b?
9
Suppose -5*v + 5191 = -37*s + 34*s, -5*s - 2084 = -2*v. What is the remainder when v is divided by 128?
13
Let r be -142*5/10*-1. Let i = r + -41. Calculate the remainder when i is divided by 5.
0
Let c = 142 + -142. Suppose c = 5*i - 5, 6*i = -a + i + 25. Calculate the remainder when 70 is divided by a.
10
Calculate the remainder when (568040/176)/((-2)/(-4)) + -11 is divided by 174.
6
Suppose -y - z + 269 = 66, 0 = -3*y + z + 633. Calculate the remainder when y is divided by 33.
11
Let c(j) = j**2 - 20*j + 45. Let r be c(17). Calculate the remainder when 78 is divided by (-15)/r*(3 - -1).
8
Suppose 3*y - 6*w - 63 = 0, 2*w = -2422*y + 2419*y + 15. Calculate the remainder when 4946 is divided by y.
5
Suppose -21*p + 2440 = 529. Calculate the remainder when 94 is divided by p.
3
Suppose -2*m - 4*v = -108, -3*m + 33 = -2*m - 5*v. Let j be (4/m*8)/(1/450). Suppose -7*n - 3*n + j = 0. Calculate the remainder when 78 is divided by n.
18
Let r = 26 + -61. Let t = 32 + r. Let b = t - -15. Calculate the remainder when 34 is divided by b.
10
Let u = -447 + 478. Suppose -u*x - 60 = -37*x. What is the remainder when 45 is divided by x?
5
Let a = -116 - -263. Calculate the remainder when a is divided by 20/(-24) - (-8136)/108 - 1/(-2).
72
Suppose 0 = -3*a - 3*a + 102. Suppose -a*m + 11*m = -30. Suppose -i = -4 - 4. What is the remainder when i is divided by m?
3
Suppose 0 = -16*n + 25*n - 810. Let u = 70 + n. Calculate the remainder when u is divided by 81.
79
Let b(r) = -109*r - 428. Calculate the remainder when 206 is divided by b(-4).
6
Let o(h) = 140*h**2 + 50*h + 174. Calculate the remainder when o(-4) is divided by 15.
9
Let y be 6*((-3)/18 + 4/6). Suppose -2*u + 6*j - j = -915, -2297 = -5*u + y*j. Suppose -8*t - 2*t + u = 0. Calculate the remainder when t is divided by 10.
6
Suppose -4*l = -2*l - 8, -2*k + 1354 = 5*l. Suppose -5*f + 163 = -k. What is the remainder when f is divided by 6?
4
Suppose c + 0*c - 147 = 0. Let z = 851 - 733. Suppose w = 5*w - h - z, -2*h + 154 = 5*w. What is the remainder when c is divided by w?
27
Let p(s) = -2*s**2 + 3*s + 5. Let k be p(-2). Let m(u) = -u**3 - 9*u**2 + 4. Let j(i) = 3*i**2 + 9*i + 7. What is the remainder when j(-3) is divided by m(k)?
3
Let h(s) = 5*s**2 - 3*s + 4. Let v = 28 + -27. Let l be h(v). Calculate the remainder when 18 is divided by 9/l - 221/(-26).
8
Calculate the remainder when 128125/41 + -4*4 is divided by 1035.
4
Let n be (-222)/(-37)*(2 + (-2)/4). Suppose -17*p + n*p + 896 = 0. Calculate the remainder when p is divided by 23.
20
Suppose 3*w + 12 = 2*o - 9, 0 = 6*o - 3*w - 105. Wh